tors of 2/((-31)/62*2/(-3725)).
2, 5, 149
Let o(q) = q**3 - 13*q**2 + 3*q - 18. Let y be o(13). Let h be (-2)/(-7) + 6903/y. Let k = h + -153. List the prime factors of k.
2, 11
What are the prime factors of -284 + 290 - (-9003*1 + 3)?
2, 3, 19, 79
Let n(o) = 1075*o - 2840. List the prime factors of n(26).
2, 3, 5, 31
Let v be ((-22)/55)/(1/(-155)). Let a be v - -1 - 15/5. Let c = a - -121. What are the prime factors of c?
181
Let t = -119 + 119. Suppose -q = -5*r - 274 - 244, t = -q - r + 512. List the prime factors of q.
3, 19
Suppose 11*n - r + 8332 = 12*n, -5*n + 41696 = -4*r. List the prime factors of n.
2, 521
Let c be 6/(6/3) + 293. Let b = 485 - c. List the prime factors of b.
3, 7
Suppose 3*h + 4*h = -47*h. Suppose h = 6*l - 2*l - 4, 0 = 4*b - 3*l - 4337. List the prime factors of b.
5, 7, 31
Suppose -2*c - 32*a - 662 = -36*a, a - 665 = 2*c. Let g = 176 - c. What are the prime factors of g?
509
Let j be 106/34 + (-12)/102. Suppose -j*t + 138 - 24 = 0. Let c = 98 - t. List the prime factors of c.
2, 3, 5
Suppose -466 - 21410 = -4*q. What are the prime factors of q?
3, 1823
Let z(k) = 2*k**3 - 2*k**2 + k - 4. Let q be z(2). Suppose 9 = -q*j + 3. What are the prime factors of j*131*(4 + (-25)/5)?
131
Let g(h) be the third derivative of -h**6/60 + 7*h**4/24 + 19*h**3/3 + 165*h**2. What are the prime factors of g(-6)?
2, 107
Let k(m) be the second derivative of 4/3*m**3 + 0 - 3/5*m**5 + 0*m**4 + 5/2*m**2 - 10*m. List the prime factors of k(-2).
5, 17
Let g(l) = l**3 - 11*l**2 - 4*l + 6. Let m be g(11). Let c = 33 + m. Let w(p) = -2*p**3 - 10*p**2 - 7*p. What are the prime factors of w(c)?
5, 7
Suppose 4*l - b + 7 = -16, 5*l + 5*b = -35. Let o be (l/27 - 28/36)*3. List the prime factors of o*(-104)/(-24)*-11*1.
11, 13
Let s(z) = -2900*z + 5406. What are the prime factors of s(-8)?
2, 14303
Let l = -40 + 34. Let x be l/36 + (-2203)/(-6). Suppose -3*j = -2*u + 128, -4*u = 3*j + 93 - x. What are the prime factors of u?
67
Suppose -37*a - 252963 = -64*a. What are the prime factors of a?
3, 347
Let u = 58 - -426. Let s be u/28 - (-6)/(-21). Suppose -s*g + 21*g - 92 = 0. What are the prime factors of g?
23
Let q = 40192 - 27885. What are the prime factors of q?
31, 397
Let c(k) be the third derivative of 5*k**4/24 - 37*k**3/3 + 7*k**2. What are the prime factors of c(22)?
2, 3
Let d = -52 - -7. Let b = 63 + d. Suppose -4*u + b = -26. What are the prime factors of u?
11
Suppose 4*a - 61 + 353 = 0. Let l = -77 - a. What are the prime factors of -2 + 0 - (-154 + l)?
2, 3, 13
Let v = -24 + 28. Let p(x) = 3*x + 6*x + 8 + 0 - v*x + 10*x**2. What are the prime factors of p(-3)?
83
Suppose -43*x = -139694 - 290693. List the prime factors of x.
10009
Let n be 3/(-4) + (-198)/88. Let z be (-6)/(-9) - (-2)/n. Suppose -i = w - 145, i + 5*w - w - 154 = z. List the prime factors of i.
2, 71
Let s be 1/(((-4)/(-40))/1). Suppose 5159 - 1979 = s*c. List the prime factors of c.
2, 3, 53
Suppose 55470 = t + 29*t. List the prime factors of t.
43
Let y be (8/(-72)*6)/(2/156). Let z = y + 601. What are the prime factors of z?
3, 61
Let o be 1/((-9)/(-1152)*8). Suppose 0 = -k + z + 854, 17*k - 2*z - 859 = o*k. What are the prime factors of k?
3, 283
Let k be 256/48*363/1. Let t = k + -1185. List the prime factors of t.
751
Suppose 0 = j + 3*j - 72. Suppose -q - 4*y - 13 = -y, j = -3*q - 2*y. What are the prime factors of (-1599)/(-15) - q/10?
107
Suppose 0 = -5*x + 3*m + 91 + 17, 0 = 2*m + 2. Let c be 2/6 + 1/(-6)*14. Let g = x - c. List the prime factors of g.
23
Suppose 0 = -4*q + 3*x + 2717, 12*x = -2*q + 13*x + 1361. What are the prime factors of q?
683
Let m(w) = 2*w - 46. Let d(g) = g**2 - g. Let o(y) = 2*y**3 + 2*y**2 + y. Let c be o(-1). Let i(x) = c*d(x) - m(x). List the prime factors of i(0).
2, 23
Let p(k) = 81*k**2 - 341*k - 108. What are the prime factors of p(-24)?
2, 3, 4561
Let k(o) = 767*o**2 + 101*o + 521. What are the prime factors of k(-6)?
27527
Suppose -114*k + 3180 = -110*k. Suppose -3*l + v + 37 = -4*v, 0 = l - 4*v - 10. Suppose l*f - k = -193. List the prime factors of f.
43
Let k = 2 + 10042. What are the prime factors of k?
2, 3, 31
Suppose -4*a + 18 - 31 = 5*p, -5*a - 9 = -p. Suppose 2*i + 0*i + 460 = 0. List the prime factors of (2 + i)*(p - 0/3).
2, 3, 19
Suppose -2*q - s = 3*q - 83071, -83035 = -5*q - 5*s. List the prime factors of q.
2, 31, 67
Let g(z) = 18829*z**2 + 296*z - 296. List the prime factors of g(1).
19, 991
Let w(c) = -268*c + 386. List the prime factors of w(-28).
2, 3, 5, 263
Let o = 12 - -333. Let n = 136 + o. What are the prime factors of n?
13, 37
List the prime factors of 11364/(-144)*(-471)/2 + (-7)/(-56).
3, 5, 7, 59
Suppose 36*c - 5 = 37*c. Let p be 3894/c + 1/(-5). Let i = -503 - p. List the prime factors of i.
2, 3, 23
Suppose 16 = 68*v - 60*v. Suppose 0*s + 5*y = -3*s + 299, -2*s - v*y + 206 = 0. What are the prime factors of s?
2, 3
Let s be 9 - (-3 - 1 - -2). Suppose 0 = s*d - 13*d + 5*v + 1633, 3*v = 5*d - 4111. What are the prime factors of d?
2, 103
Let x = 121 + -110. Suppose -3*o + 3*d - 303 = -x*o, -o = d - 36. List the prime factors of o.
3, 13
Let k = -1011 - -512. Let h = k + 840. What are the prime factors of h?
11, 31
Suppose -160*p = -2626430 - 8103782 + 2758212. What are the prime factors of p?
5, 1993
Let l(f) = -f + 3. Let t be l(-6). Suppose 0 = -4*a + 17 - t. Suppose -3*k + 41 = -a*q + 3*q, -4*k = 0. List the prime factors of q.
41
Let z = -23264 + 46862. List the prime factors of z.
2, 3, 19, 23
Let q = -7635 + 16941. List the prime factors of q.
2, 3, 11, 47
Let r(z) = -z**3 - z**2 - 5*z + 331. What are the prime factors of r(0)?
331
Let v(k) = -k**2 - 13*k + 18. Let c be v(-14). Suppose -6*u = -u + 15, 0 = -3*q + c*u - 132. Let w = q + 91. List the prime factors of w.
43
Let h(l) be the second derivative of 31*l**3/2 + 17*l**2/2 - 5*l. List the prime factors of h(3).
2, 37
Suppose 22*v - 17*v = -100. Let f = 27 + v. What are the prime factors of (-126)/4*(-36)/f?
2, 3
Suppose 0 = 3*t, -4*v = -2*t - 20000 - 14480. What are the prime factors of v?
2, 5, 431
Let c(o) = 2*o - 1. Let d(r) = -105*r. Let i(a) = -6*c(a) + 2*d(a). List the prime factors of i(-2).
2, 3, 5
Let v(g) = -3947*g - 2613. What are the prime factors of v(-10)?
36857
Let b be 12*((-4)/6)/(-1). Suppose -b*m = 2*m - 20. Suppose 0 = -m*x - 2*d + 52, 4*x - 146 + 40 = -5*d. List the prime factors of x.
2, 3
Let x(t) be the first derivative of -2*t**3/3 + 21*t**2 + 128*t - 116. What are the prime factors of x(22)?
2, 3, 7
Suppose -78097 = -24*u + 20*u + q, 3*u + 5*q - 58544 = 0. What are the prime factors of u?
7, 2789
What are the prime factors of ((-68)/408)/((-3)/7394)*9?
3697
Let g(d) = -326*d - 301. Let n be g(-16). Suppose 5*f - n = -5*c, -3*f + 5*f + 5*c - 1957 = 0. What are the prime factors of f?
2, 17, 29
Let h(d) = 21*d - 168. Let n be h(8). Suppose 3*y - 12 = -5*k, -y = -n*k + k - 6. List the prime factors of y.
3
Let z(m) = -m**2 - 16*m - 38. Let g be z(-8). Suppose -13332 = 14*q - g*q. List the prime factors of q.
11, 101
Suppose 5*q - 21762 = -4*p, 4*p = -4*q - 5639 + 27403. List the prime factors of p.
5443
Let z = -25 - -30. Suppose c + 44 + z = 2*f, -5*f + 15 = 0. Let w = c - -104. List the prime factors of w.
61
List the prime factors of ((-6)/(-10))/(85/1834300).
2, 3, 13, 83
Suppose r - 2*b - 149 = 0, -4*r + 602 = 177*b - 179*b. List the prime factors of r.
151
Suppose -3*s = -4*m - 61777 + 16150, 3*s - 5*m - 45633 = 0. List the prime factors of s.
3, 563
Suppose -254231 - 45698 = -49*k. List the prime factors of k.
6121
Let i = 10 + -12. Let g = -239 - -240. What are the prime factors of i/((g*-2)/(6 - 2))?
2
Suppose 10 = 4*h - 2*h. Suppose 3*z - 624 = h*s, -s - 222 = -3*z + 402. What are the prime factors of z?
2, 13
Let v(o) be the second derivative of o**4/6 + 14*o**3/3 - 10*o**2 + 15*o. Let x be -14 - (1/((-1)/(-5)) + -1). What are the prime factors of v(x)?
2, 31
Suppose 2*m + m + 3 = -5*n, 3*n + 9 = 0. Suppose -j = m, -q + 5*j + 445 + 141 = 0. List the prime factors of q.
2, 283
Suppose 6*k - 32 = 2*k + 4*t, -t - 44 = -4*k. Suppose -4*u = -8, k*j - 3*u - 3909 = 7*j. List the prime factors of j.
3, 29
Suppose 4*i + 288 = -0*i + 2*z, 4*z + 54 = -i. What are the prime factors of (-19712)/i - ((-24)/(-10)